te the remainder when 6083 is divided by 2027.
2
Calculate the remainder when 8251 is divided by 285.
271
Calculate the remainder when 6386 is divided by 2100.
86
What is the remainder when 2401 is divided by 399?
7
What is the remainder when 54638 is divided by 19?
13
Calculate the remainder when 31637 is divided by 597.
593
What is the remainder when 32138 is divided by 32052?
86
Calculate the remainder when 7643990 is divided by 181.
179
What is the remainder when 6286 is divided by 8?
6
What is the remainder when 128107 is divided by 3?
1
What is the remainder when 7997 is divided by 1409?
952
Calculate the remainder when 351 is divided by 18.
9
Calculate the remainder when 139911 is divided by 15.
6
What is the remainder when 87531 is divided by 427?
423
Calculate the remainder when 7147 is divided by 672.
427
Calculate the remainder when 62196 is divided by 15545.
16
Calculate the remainder when 39785 is divided by 173.
168
Calculate the remainder when 16500 is divided by 2749.
6
What is the remainder when 173467 is divided by 210?
7
What is the remainder when 17889 is divided by 5786?
531
Calculate the remainder when 974 is divided by 628.
346
Calculate the remainder when 6573 is divided by 390.
333
Calculate the remainder when 46256 is divided by 229.
227
What is the remainder when 18007 is divided by 17927?
80
What is the remainder when 4541 is divided by 348?
17
Calculate the remainder when 75938 is divided by 261.
248
What is the remainder when 917726 is divided by 618?
614
What is the remainder when 128312 is divided by 717?
686
Calculate the remainder when 66751 is divided by 49.
13
What is the remainder when 4057677 is divided by 11?
8
Calculate the remainder when 9935 is divided by 113.
104
What is the remainder when 6552 is divided by 1985?
597
What is the remainder when 43682 is divided by 2722?
130
What is the remainder when 1606987 is divided by 14?
11
Calculate the remainder when 234421 is divided by 10655.
11
What is the remainder when 6696 is divided by 310?
186
What is the remainder when 2743 is divided by 446?
67
Calculate the remainder when 1925757 is divided by 2832.
2829
Calculate the remainder when 48758 is divided by 479.
379
What is the remainder when 66585 is divided by 803?
739
Calculate the remainder when 6716 is divided by 658.
136
What is the remainder when 2234 is divided by 2086?
148
Calculate the remainder when 823 is divided by 58.
11
Calculate the remainder when 48100 is divided by 4808.
20
What is the remainder when 100655 is divided by 16773?
17
Calculate the remainder when 10302 is divided by 22.
6
Calculate the remainder when 53841 is divided by 2690.
41
Calculate the remainder when 11164 is divided by 27.
13
What is the remainder when 3027 is divided by 2948?
79
Calculate the remainder when 3028702 is divided by 8.
6
What is the remainder when 5096 is divided by 176?
168
What is the remainder when 1714 is divided by 856?
2
What is the remainder when 3551 is divided by 38?
17
What is the remainder when 25260 is divided by 486?
474
Calculate the remainder when 4902 is divided by 1425.
627
What is the remainder when 4738 is divided by 1573?
19
Calculate the remainder when 10493 is divided by 2089.
48
Calculate the remainder when 29977 is divided by 9928.
193
Calculate the remainder when 9901 is divided by 236.
225
Calculate the remainder when 2600 is divided by 153.
152
Calculate the remainder when 2181864 is divided by 965.
964
Calculate the remainder when 23443 is divided by 1808.
1747
Calculate the remainder when 2743 is divided by 7.
6
What is the remainder when 1706 is divided by 26?
16
Calculate the remainder when 54041 is divided by 470.
461
Calculate the remainder when 80819 is divided by 87.
83
Calculate the remainder when 348701 is divided by 141.
8
Calculate the remainder when 1843 is divided by 6.
1
What is the remainder when 469249 is divided by 125?
124
Calculate the remainder when 17743 is divided by 143.
11
Calculate the remainder when 56430 is divided by 28211.
8
Calculate the remainder when 20533 is divided by 6844.
1
What is the remainder when 38448 is divided by 38416?
32
Calculate the remainder when 128730 is divided by 164.
154
What is the remainder when 8760646 is divided by 194?
188
Calculate the remainder when 17555 is divided by 44.
43
Calculate the remainder when 910486 is divided by 41.
40
Calculate the remainder when 78297 is divided by 168.
9
What is the remainder when 56629 is divided by 429?
1
What is the remainder when 8737 is divided by 8708?
29
What is the remainder when 149721 is divided by 24951?
15
Calculate the remainder when 19822 is divided by 374.
0
Calculate the remainder when 8529 is divided by 8.
1
What is the remainder when 675640 is divided by 33?
31
Calculate the remainder when 350 is divided by 272.
78
What is the remainder when 76949 is divided by 10?
9
What is the remainder when 166204 is divided by 392?
388
What is the remainder when 2603 is divided by 427?
41
What is the remainder when 6563 is divided by 439?
417
Calculate the remainder when 650 is divided by 94.
86
What is the remainder when 14712784 is divided by 517?
515
What is the remainder when 1679 is divided by 76?
7
What is the remainder when 53442 is divided by 80?
2
What is the remainder when 57997 is divided by 130?
17
What is the remainder when 170142 is divided by 14?
0
What is the remainder when 51463 is divided by 1195?
78
What is the remainder when 18431 is divided by 99?
17
What is the remainder when 71160 is divided by 238?
236
What is the remainder when 37195 is divided by 7435?
20
Calculate the remainder when 2804537 is divided by 20.
17
Calculate the remainder when 58251 is divided by 13.
11
Calculate the remainder when 26942 is divided by 278.
254
What is the remainder when 2568 is divided by 521?
484
What is the remainder when 33291 is divided by 8319?
15
Calculate the remainder when 456 is divided by 213.
30
What is the remainder when 1218 is divided by 300?
18
Calculate the remainder when 1657734 is divided by 61.
59
What is the remainder when 115937 is divided by 57?
56
Calculate the remainder when 142096 is divided by 7.
3
What is the remainder when 584 is divided by 221?
142
What is the remainder when 261697 is divided by 130?
7
What is the remainder when 115909 is divided by 913?
871
What is the remainder when 3437 is divided by 852?
29
Calculate the remainder when 7775 is divided by 309.
50
What is the remainder when 2524 is divided by 604?
108
What is the remainder when 17876 is divided by 132?
56
What is the remainder when 1140 is divided by 214?
70
What is the remainder when 187803 is divided by 111?
102
What is the remainder when 406085 is divided by 106?
105
Calculate the remainder when 4951 is divided by 1650.
1
What is the remainder when 2392 is divided by 444?
172
Calculate the remainder when 20993 is divided by 569.
509
Calculate the remainder when 43433 is divided by 8684.
13
What is the remainder when 38143 is divided by 44?
39
Calculate the remainder when 391069 is divided by 169.
3
Calculate the remainder when 8684 is divided by 798.
704
Calculate the remainder when 4854 is divided by 24.
6
What is the remainder when 110317 is divided by 11?
9
What is the remainder when 9823 is divided by 72?
31
Calculate the remainder when 1234 is divided by 683.
551
What is the remainder when 2895 is divided by 159?
33
Calculate the remainder when 49346 is divided by 313.
205
Calculate the remainder when 2986 is divided by 202.
158
What is the remainder when 21239 is divided by 506?
493
What is the remainder when 887684 is divided by 98629?
23
What is the remainder when 901 is divided by 96?
37
Calculate the remainder when 736106 is divided by 11.
8
Calculate the remainder when 23629 is divided by 909.
904
What is the remainder when 4416 is divided by 393?
93
What is the remainder when 41956 is divided by 655?
36
What is the remainder when 81147 is divided by 1230?
1197
Calculate the remainder when 175305 is divided by 162.
21
Calculate the remainder when 135091 is divided by 8442.
19
What is the remainder when 7164 is divided by 297?
36
Calculate the remainder when 232945 is divided by 112.
97
What is the remainder when 485071 is divided by 244?
243
What is the rema